at is the remainder when 8452 is divided by 302?
298
What is the remainder when 2555 is divided by 431?
400
What is the remainder when 7346 is divided by 1466?
16
Calculate the remainder when 9593 is divided by 2369.
117
What is the remainder when 268889 is divided by 52?
49
Calculate the remainder when 25776 is divided by 27.
18
Calculate the remainder when 432262 is divided by 1736.
1734
What is the remainder when 1149 is divided by 408?
333
Calculate the remainder when 39288 is divided by 39.
15
Calculate the remainder when 1433 is divided by 568.
297
Calculate the remainder when 18599 is divided by 386.
71
What is the remainder when 94177 is divided by 9416?
17
Calculate the remainder when 12148 is divided by 117.
97
What is the remainder when 103519 is divided by 191?
188
Calculate the remainder when 184476 is divided by 1048.
28
Calculate the remainder when 2635 is divided by 423.
97
Calculate the remainder when 27060 is divided by 78.
72
Calculate the remainder when 6160 is divided by 268.
264
What is the remainder when 2903 is divided by 245?
208
What is the remainder when 55628 is divided by 56?
20
Calculate the remainder when 1110 is divided by 54.
30
What is the remainder when 6911607 is divided by 22?
21
Calculate the remainder when 15273 is divided by 15113.
160
What is the remainder when 52612 is divided by 26302?
8
What is the remainder when 4179947 is divided by 393?
392
Calculate the remainder when 10284 is divided by 10266.
18
What is the remainder when 220700 is divided by 287?
284
Calculate the remainder when 1954 is divided by 387.
19
What is the remainder when 144026 is divided by 48003?
17
What is the remainder when 9333 is divided by 3014?
291
Calculate the remainder when 2373 is divided by 431.
218
Calculate the remainder when 15993 is divided by 29.
14
What is the remainder when 15725 is divided by 86?
73
Calculate the remainder when 409771 is divided by 13.
11
Calculate the remainder when 2039 is divided by 82.
71
Calculate the remainder when 417 is divided by 303.
114
Calculate the remainder when 384393 is divided by 16712.
17
What is the remainder when 4335 is divided by 2158?
19
What is the remainder when 9426 is divided by 387?
138
What is the remainder when 2798 is divided by 578?
486
What is the remainder when 1006885 is divided by 344?
341
Calculate the remainder when 346 is divided by 65.
21
Calculate the remainder when 258137 is divided by 64532.
9
Calculate the remainder when 236815 is divided by 33829.
12
Calculate the remainder when 4022 is divided by 431.
143
What is the remainder when 51844 is divided by 29?
21
Calculate the remainder when 977952 is divided by 40.
32
What is the remainder when 759465 is divided by 379728?
9
What is the remainder when 224211 is divided by 18683?
15
What is the remainder when 265380 is divided by 43?
27
What is the remainder when 58054 is divided by 123?
121
Calculate the remainder when 9197 is divided by 9081.
116
What is the remainder when 14472 is divided by 48?
24
Calculate the remainder when 206061 is divided by 103026.
9
What is the remainder when 3884 is divided by 502?
370
What is the remainder when 461 is divided by 43?
31
What is the remainder when 312609 is divided by 12?
9
What is the remainder when 8339 is divided by 949?
747
What is the remainder when 3534 is divided by 116?
54
What is the remainder when 24940 is divided by 6?
4
Calculate the remainder when 6653 is divided by 3314.
25
What is the remainder when 3684 is divided by 114?
36
What is the remainder when 85762 is divided by 15?
7
What is the remainder when 19659 is divided by 6534?
57
Calculate the remainder when 15900 is divided by 19.
16
Calculate the remainder when 76 is divided by 37.
2
Calculate the remainder when 1030 is divided by 47.
43
Calculate the remainder when 4568 is divided by 978.
656
What is the remainder when 260317 is divided by 89?
81
What is the remainder when 13690 is divided by 255?
175
Calculate the remainder when 105717 is divided by 40.
37
Calculate the remainder when 19635 is divided by 853.
16
What is the remainder when 933 is divided by 379?
175
What is the remainder when 24829 is divided by 6204?
13
Calculate the remainder when 2116 is divided by 212.
208
Calculate the remainder when 763739 is divided by 82.
73
What is the remainder when 1055 is divided by 578?
477
Calculate the remainder when 7217 is divided by 21.
14
What is the remainder when 67136 is divided by 395?
381
Calculate the remainder when 38490 is divided by 21.
18
Calculate the remainder when 990673 is divided by 51.
49
Calculate the remainder when 8034 is divided by 1305.
204
What is the remainder when 97675 is divided by 7?
4
What is the remainder when 1774 is divided by 541?
151
Calculate the remainder when 3389 is divided by 497.
407
Calculate the remainder when 116739 is divided by 533.
12
Calculate the remainder when 7251143 is divided by 1724.
1723
What is the remainder when 3833 is divided by 1089?
566
Calculate the remainder when 3699 is divided by 162.
135
Calculate the remainder when 34908 is divided by 146.
14
Calculate the remainder when 24362 is divided by 9.
8
Calculate the remainder when 146 is divided by 55.
36
Calculate the remainder when 79588 is divided by 11365.
33
Calculate the remainder when 44022 is divided by 19.
18
What is the remainder when 589719 is divided by 21?
18
Calculate the remainder when 27516 is divided by 5500.
16
What is the remainder when 83338 is divided by 30?
28
What is the remainder when 255307 is divided by 121?
118
What is the remainder when 7235 is divided by 2372?
119
What is the remainder when 3195 is divided by 400?
395
What is the remainder when 44006 is divided by 815?
811
Calculate the remainder when 27828 is divided by 172.
136
Calculate the remainder when 40118 is divided by 236.
234
What is the remainder when 102340 is divided by 35?
0
What is the remainder when 12732 is divided by 2098?
144
What is the remainder when 3440 is divided by 1125?
65
What is the remainder when 33938 is divided by 11190?
368
What is the remainder when 1511 is divided by 193?
160
Calculate the remainder when 109196 is divided by 1255.
11
What is the remainder when 15411 is divided by 7625?
161
What is the remainder when 8560 is divided by 1570?
710
Calculate the remainder when 89 is divided by 78.
11
What is the remainder when 4397 is divided by 33?
8
Calculate the remainder when 729076 is divided by 72.
4
Calculate the remainder when 1623306 is divided by 130.
126
What is the remainder when 63333 is divided by 31620?
93
Calculate the remainder when 2763 is divided by 2752.
11
Calculate the remainder when 133207 is divided by 865.
862
Calculate the remainder when 33761 is divided by 36.
29
Calculate the remainder when 64225 is divided by 2304.
2017
What is the remainder when 512394 is divided by 15?
9
What is the remainder when 16090 is divided by 1228?
126
Calculate the remainder when 70716 is divided by 777.
9
What is the remainder when 9868 is divided by 267?
256
What is the remainder when 773166 is divided by 1012?
1010
What is the remainder when 1624 is divided by 8?
0
What is the remainder when 3028 is divided by 598?
38
Calculate the remainder when 43629 is divided by 17.
7
Calculate the remainder when 7599 is divided by 1371.
744
Calculate the remainder when 1099 is divided by 59.
37
Calculate the remainder when 18473 is divided by 596.
593
Calculate the remainder when 336919 is divided by 112294.
37
What is the remainder when 1949 is divided by 197?
176
What is the remainder when 2095 is divided by 163?
139
Calculate the remainder when 39869 is divided by 3.
2
Calculate the remainder when 2062 is divided by 224.
46
What is the remainder when 30452 is divided by 108?
104
What is the remainder when 28523 is divided by 2590?
33
What is the remainder when 53253 is divided by 17749?
6
Calculate the remainder when 75957 is divided by 75949.
8
Calculate the remainder when 8505 is divided by 109.
3
What is the remainder when 572 is divided by 11?
0
Calculate the remainder when 2568 is divided by 99.
93
Calculate the remainder when 1815 is divided by 87.
75
What is the remainder when 2449 is divided by 386?
133
Calculate the remainder when 17630 is divided by 4.
2
Cal